**2 + 11*a + 5. Is d(-3) a composite number?
False
Suppose 3*j + 8*j = -11. Let m(z) = -1992*z + 2. Is m(j) a composite number?
True
Let f = -60764 - -96301. Is f prime?
True
Suppose -4*s = -8*s + 6252. Is s a prime number?
False
Suppose -9*v - 1255 = 680. Let o = 308 + v. Is o a composite number?
True
Suppose t + 4*q - 897 = 0, q - 3663 = 29*t - 33*t. Is t a prime number?
False
Let m = 1529 - -1659. Is ((-17)/34)/((-2)/m) composite?
False
Suppose 5*b = 1 + 19. Suppose 0 = 2*k, k - 364 = -b*x - 3*k. Is x a composite number?
True
Let t(v) = 21*v + 35. Is t(26) prime?
False
Let m be (33/3 + 4)/3. Suppose 0 = 3*r + 4*k - 1219, -r + k - m*k = -417. Is r a composite number?
False
Let k(v) be the third derivative of v**6/60 + 3*v**5/20 - 5*v**4/8 - 5*v**3/6 - 3*v**2. Is k(5) a prime number?
False
Let b(r) = -11*r - 4. Let d be b(-1). Suppose 2*o = d*o - 9005. Is o a composite number?
False
Let k = 3 - -4. Suppose 0 = -95*f + 90*f - 5. Let a = f + k. Is a a composite number?
True
Suppose 0 = -x + q + 386, x - 1168 = -2*x - 2*q. Suppose 0 = l - o - 310 - x, 0 = 5*l - 2*o - 3481. Is l a composite number?
True
Let q be 78/21 + (-2)/(-7). Suppose 0*y - q*y + 16 = 0. Suppose 894 = y*w - 758. Is w a composite number?
True
Let r(z) = 76*z + 715. Is r(7) composite?
True
Let b = -5461 - -18176. Is b a prime number?
False
Suppose 0 = 5*d - 3*p - 7, -2*d = 3*p - 7. Suppose -5*i = d*u - 965, -i - 24 + 235 = 4*u. Is i prime?
True
Let c(q) = -q**3 + 37*q**2 - 22*q - 519. Is c(28) a composite number?
True
Let p(z) = 17*z**2 - 86*z - 8. Is p(27) prime?
False
Let o = 129 - 123. Suppose -19*x + o*x = -8827. Is x composite?
True
Let d(o) = 37*o**2 - 8*o - 12. Let i be d(5). Suppose -99 + 528 = 2*b + c, -i = -4*b + c. Is b a composite number?
True
Let f(b) = 19 - 6 + 3*b + 4*b**2 - 6*b**3 + 16*b**3. Is f(6) composite?
True
Suppose -x + 1056 = -878. Suppose x = -68*c + 70*c. Is c a prime number?
True
Is 1*(-7 + 1) - (-6247 - 0) a composite number?
True
Let q = -48 + 46. Let n(v) = -40*v + 3. Is n(q) prime?
True
Let u(z) = z**3 + 47*z**2 + 8*z + 53. Is u(-41) prime?
True
Suppose 5*y + 3*h = 213, 0*y = -5*y + 2*h + 233. Suppose -y = -2*w + 997. Is w composite?
False
Suppose 2*g + 2*g = 2*a - 4, 4*a + 4 = 2*g. Is a + (-8)/(-3) + (-2906)/(-6) composite?
True
Suppose -5*i = -25, 5*q = -4*i + i + 162710. Is q prime?
False
Suppose -3*g - 3*s = -30, 0 = -2*g + 5*g + 4*s - 33. Suppose 5*h - 3 = g. Is 4438/21 - h/6 a composite number?
False
Suppose 2260 = -3*q + 7030. Suppose -432 = -6*x + q. Is x prime?
True
Let o(q) = -q**3 - 2*q**2 + 7*q + 13. Let h be o(-3). Is 1/(-3) - (-15033)/9 - h prime?
True
Suppose 3*o - 21 = 18. Let l(w) = -w**3 + 13*w**2 - 3*w + 11. Let d be l(o). Is (-1280)/d + 4/14 composite?
True
Suppose -3*b - 4*z + 13 = -6*b, 0 = 5*z - 20. Let r(k) = -3*k + 1. Let d be r(-6). Is 1*(d - (b - 3)) a composite number?
True
Let q be (-2)/(-3)*(4 + 2). Suppose -4*h - h = 5*c - 20, -q*h - 8 = -2*c. Suppose 2*u + 2*u - 4 = 0, -c*d = -4*u - 3000. Is d prime?
True
Suppose -f + 29320 = 4*f. Suppose -2*z - b = -f, -4*z + 9846 = -5*b - 1896. Is z composite?
True
Suppose -u - 25 + 110 = 0. Let z(i) = 35*i + 126. Let h be z(-3). Let s = h + u. Is s a composite number?
True
Suppose 468 = -0*v + v + 4*f, -10 = -2*f. Let w = v + -263. Is w a prime number?
False
Let h = -6 + 9. Suppose -h*f + b = 15, 0*b - 15 = -5*b. Is 597*(f/(-12))/1 a prime number?
True
Let f be (-8)/6*2*(-3)/2. Suppose -22 = -f*x + 286. Is x prime?
False
Let k(m) = m**3 + 4*m**2 + m. Let v be k(-3). Suppose -2*l + 37 = -3*t + v*t, -51 = -3*l - 3*t. Is l prime?
False
Is (909 - -2)/(1/1) composite?
False
Let i(d) = 2*d**2 - 4*d + 19. Let g(o) = -2*o**2 + 4*o - 18. Let w(s) = -6*g(s) - 5*i(s). Is w(3) composite?
False
Let p be (0 - (1 - 1)) + -140. Let a be (-299 + -4)*-1*(-1 - -2). Let u = p + a. Is u a composite number?
False
Let a = -22883 - -39598. Is a prime?
False
Suppose 15*r = 24*r - 30843. Is r a composite number?
True
Let u(d) = -5*d + 3. Let f be u(2). Is (-2936)/f + (-27)/63 composite?
False
Let x be (-84)/147 + (-176)/(-14). Suppose -x*o - 63 = -1059. Is o composite?
False
Suppose 5*p - 25 = 0, 0 = -5*t + 2*p - 7*p + 2150. Suppose 0 = -d + 2*n + 427, -n - 2*n - t = -d. Is d composite?
False
Suppose -q + 5*y + 11125 = 4*q, 3*y + 12 = 0. Is q a prime number?
True
Let g(q) = q + 7. Let o be g(-3). Let p = -5 + o. Is p + -2 + 5 - -217 prime?
False
Suppose -2*o = -10*o. Suppose -4*v + o*v = -596. Is v composite?
False
Let t = 6177 - 1430. Is t composite?
True
Suppose 0 = 5*t + 2*w - 6841, 1361 = -6*t + 7*t - 2*w. Is t a prime number?
True
Suppose -2*k + 3*k = -2*f - 5, -4*f = -k + 25. Suppose k*u = -4*m + 8171, 2*u = 3*m - u - 6162. Is m a composite number?
True
Let x = -223 + 2042. Is x a composite number?
True
Suppose -19*f + 21*f = 17410. Is f prime?
False
Let j(o) = o**2 - 9*o + 7. Let q be j(3). Is ((-2)/q)/1 + (-118410)/(-330) composite?
False
Is 1 - (0 - (6 + 22002)) a composite number?
True
Let b = -758 - -4077. Is b prime?
True
Let v(m) = 7*m**3 - 9*m**2 - 8*m + 3. Let o = -46 + 53. Is v(o) composite?
False
Let n be 5 + -1 + 1 - (10 + -11). Suppose -215 = n*i - 2297. Is i a prime number?
True
Let u(f) = 3*f**2 + 6*f + 32. Let i be u(-25). Let z(q) = 2*q. Let d be z(2). Suppose d*w + 3*w = i. Is w prime?
True
Suppose 0 = -6*g + 11*g - 5*t - 115470, 115475 = 5*g - 4*t. Is g composite?
False
Let t(s) = 2*s**2 + 10*s - 103. Is t(-14) a composite number?
False
Is -3548*(51/(-12) - -2 - -2) a composite number?
False
Suppose h - 694 = 2*m + 3*m, m - 688 = -h. Let t = -304 + h. Suppose -4*n + t = 21. Is n composite?
True
Suppose 0 = -2*b + b - 420. Let n = -226 + -67. Let z = n - b. Is z a prime number?
True
Suppose 10*v = 5*m + 7*v - 153043, 0 = 2*m - 2*v - 61214. Is m a prime number?
False
Let a(d) = 5*d - 69. Let h be a(14). Is 73*5 + 3 + (-2 - h) prime?
False
Suppose 4*g + g = -3*o - 1, -4*o - 2*g = 6. Is 43020/140 - o/(-7) a composite number?
False
Suppose -16 = 6*q - 10*q. Suppose -3*t + 91 = -q*n, -4*t + 2*t + 76 = 5*n. Is t composite?
True
Let d(l) = 6*l**2 + 8*l + 15. Is d(-7) prime?
False
Is -1 - (-110876)/14 - (-26)/91 a composite number?
False
Let a be -2 - (3 + -9)/3. Suppose 3*u = 3*r - 0*r + 30, a = 3*r + 15. Suppose -348 = -u*f + 1637. Is f composite?
False
Let q be 2 + -4 + 5869 + -4. Suppose 0 = -3*g + 3*z + q - 397, g = -4*z + 1827. Is g prime?
True
Suppose 3*b - 65868 = 11*z - 6*z, 0 = -4*b + z + 87841. Is b prime?
True
Suppose 6*p + 4*g - 1709 = 3*p, 4*p + 3*g = 2267. Let a = -156 + p. Is a a prime number?
False
Let n(f) = -f**3 - 8*f**2 - 3*f - 20. Let t be n(-8). Suppose 2*l = -l - x + 2107, 0 = -t*l - 4*x + 2820. Is l a prime number?
True
Let s(r) = -2*r**3 - 51*r**2 - 34*r - 104. Is s(-35) composite?
True
Let b(y) = y**3 - 7*y**2 + 4*y - 9. Suppose 3*j - 6*a = -4*a - 3, 15 = -j - 4*a. Let n be -1*(j - -10)/(-1). Is b(n) a prime number?
True
Let w(r) be the second derivative of 75*r**4/4 - 7*r**3/6 - 3*r**2 - 6*r. Is w(-1) prime?
False
Let k(y) be the second derivative of -y**4/12 - 2*y**3 + 9*y**2 + 8*y. Let u be k(-13). Suppose 13 = -u*l + 2698. Is l a prime number?
False
Suppose 86 = -5*f - 214. Let m be ((-558)/10)/(4/f). Suppose 3742 - m = 5*c. Is c a composite number?
True
Suppose 11 = 5*q + 3*w + 2, 4*q + 5*w = 15. Let a be (-4 - (0 + -5))*q. Suppose 2*f = h + 4442, a*h + 8860 = 4*f + 4*h. Is f composite?
True
Let h(g) = 89*g + 13. Let t be 3 - 1 - 9 - -1. Let q(v) = -45*v - 7. Let w(u) = t*h(u) - 11*q(u). Is w(-1) a composite number?
True
Let f(s) = s**2 + s + 1. Let v(i) = i**3 + 2*i**2 - 394. Let r(c) = f(c) - v(c). Is r(0) prime?
False
Suppose -5*v + 2*m = -51 - 21, 44 = 4*v - 5*m. Let d = v - 11. Suppose 5*j - 2055 = d*w, -5*j - 2*w + 344 = -1697. Is j a prime number?
True
Let i(b) = -3*b - 24. Let w be i(-11). Suppose 3*z = 5*d + 5*z - w, 4*d = 5*z + 27. Is d a composite number?
False
Suppose -2*g + 4630 = 2*p, -4*p + p = -4*g - 6917. Suppose -2*a - 2*a + 1854 = -2*d, 4*d = -5*a + p. Is a a prime number?
True
Suppose -7*a = 9*a - 10960. Is a composite?
True
Is (14 - 13)/((-3 - 0)/(-25827)) a prime number?
True
Suppose 5*a + 15 = 0, -5*w + 5*a - 4*a + 1088 = 0. Let l = 139 + -371. Let u = w - l. Is u a prime number?
True
Suppose 102 - 160 = -29*i. Suppose -b = 4*b. 